{"id":352,"date":"2019-01-06T17:36:43","date_gmt":"2019-01-06T16:36:43","guid":{"rendered":"https:\/\/facio.at\/?page_id=352"},"modified":"2019-01-13T12:49:33","modified_gmt":"2019-01-13T11:49:33","slug":"philosophie","status":"publish","type":"page","link":"https:\/\/facio.at\/index.php\/facio\/philosophie\/","title":{"rendered":"Philosophie"},"content":{"rendered":"\n[et_pb_section fb_built=&#8220;1&#8243; fullwidth=&#8220;on&#8220; _builder_version=&#8220;3.19.3&#8243; custom_padding=&#8220;26px|0px|0px|0px|false|false&#8220;][et_pb_fullwidth_header title=&#8220;Unsere&#8220; subhead=&#8220;philosophie&#8220; _builder_version=&#8220;3.19.3&#8243; title_font=&#8220;Poppins|700||on|||||&#8220; title_text_color=&#8220;#edbb5f&#8220; title_font_size=&#8220;14px&#8220; title_letter_spacing=&#8220;2px&#8220; title_line_height=&#8220;1.4em&#8220; content_font=&#8220;||||||||&#8220; subhead_font=&#8220;Playfair Display|700||on|||||&#8220; subhead_font_size=&#8220;48px&#8220; subhead_letter_spacing=&#8220;3px&#8220; subhead_line_height=&#8220;1.2em&#8220; background_color=&#8220;#990033&#8243;][\/et_pb_fullwidth_header][\/et_pb_section][et_pb_section fb_built=&#8220;1&#8243; _builder_version=&#8220;3.19.2&#8243; custom_padding=&#8220;0|0px|54px|0px|false|false&#8220;][et_pb_row _builder_version=&#8220;3.19.2&#8243;][et_pb_column type=&#8220;4_4&#8243; _builder_version=&#8220;3.19.2&#8243; parallax=&#8220;off&#8220; parallax_method=&#8220;on&#8220;][et_pb_text _builder_version=&#8220;3.19.2&#8243; inline_fonts=&#8220;Poppins&#8220;]<p><span style=\"font-family: Poppins; font-weight: normal; font-size: medium;\"><strong>Wir sehen unsere Dienstleistungen als Chance,&#8230;<\/strong><\/span><\/p>\n<ul>\n<li><span style=\"font-family: Poppins; font-weight: normal; font-size: medium;\">Ihrem Unternehmen neue Impulse zu geben,<\/span><\/li>\n<li><span style=\"font-family: Poppins; font-weight: normal; font-size: medium;\">Sie noch erfolgreicher zu machen,<\/span><\/li>\n<li><span style=\"font-family: Poppins; font-weight: normal; font-size: medium;\">Ihre Projekte z\u00fcgiger und zielorientierter durchzuf\u00fchren,<\/span><\/li>\n<li><span style=\"font-family: Poppins; font-weight: normal; font-size: medium;\">Sie in schwierigen Situationen zu unterst\u00fctzen.<\/span><\/li>\n<\/ul>\n<p><span style=\"font-family: Poppins; font-weight: normal; font-size: medium;\"><strong><\/strong><\/span><\/p>\n<p><span style=\"font-family: Poppins; font-weight: normal; font-size: medium;\"><strong>Es ist uns eine Verpflichtung, dass&#8230;<\/strong><\/span><\/p>\n<ul>\n<li><span style=\"font-family: Poppins; font-weight: normal; font-size: medium;\">wir uns in Ihr Unternehmen mit entsprechender Sorgfalt einf\u00fcgen,<\/span><\/li>\n<li><span style=\"font-family: Poppins; font-weight: normal; font-size: medium;\">wir mit Ihnen in \u201cIhrer Sprache\u201d sprechen,<\/span><\/li>\n<li><span style=\"font-family: Poppins; font-weight: normal; font-size: medium;\">wir Ihnen eine andere Sichtweise erm\u00f6glichen,<\/span><\/li>\n<li><span style=\"font-family: Poppins; font-weight: normal; font-size: medium;\">wir gemeinsam mit Ihnen etwas bewegen wollen,<\/span><\/li>\n<li><span style=\"font-family: Poppins; font-weight: normal; font-size: medium;\">wir begeistern und gemeinsam erfolgreich sind.<\/span><\/li>\n<\/ul>\n<p><span style=\"font-family: Poppins; font-weight: normal; font-size: medium;\"><strong><\/strong><\/span><\/p>\n<p><span style=\"font-family: Poppins; font-weight: normal; font-size: medium;\"><strong>Wir sehen uns&#8230;<\/strong><\/span><\/p>\n<ul>\n<li><span style=\"font-family: Poppins; font-weight: normal; font-size: medium;\">als kompetenter Know-how Lieferant,<\/span><\/li>\n<li><span style=\"font-family: Poppins; font-weight: normal; font-size: medium;\">als Ideenlieferant,<\/span><\/li>\n<li><span style=\"font-family: Poppins; font-weight: normal; font-size: medium;\">als Ihr Partner.<\/span><\/li>\n<\/ul>\n<p><span style=\"font-family: Poppins; font-weight: normal; font-size: medium;\"><strong><\/strong><\/span><\/p>\n<p><span style=\"font-family: Poppins; font-weight: normal; font-size: medium;\"><strong>F\u00fcr uns ist es selbstverst\u00e4ndlich, dass&#8230;<br \/><br \/><\/strong><\/span><\/p>\n<ul>\n<li><span style=\"font-family: Poppins; font-weight: normal; font-size: medium;\">wir immer gesamtheitlich denken,<\/span><\/li>\n<li><span style=\"font-family: Poppins; font-weight: normal; font-size: medium;\">wir immer den Blick f\u00fcr das Wesentliche haben,<\/span><\/li>\n<li><span style=\"font-family: Poppins; font-weight: normal; font-size: medium;\">wir immer sparsam mit Ihren Ressourcen umgehen,<\/span><\/li>\n<li><span style=\"font-family: Poppins; font-weight: normal; font-size: medium;\">wir immer wirtschaftlich und seri\u00f6s agieren.<\/span><\/li>\n<\/ul>[\/et_pb_text][\/et_pb_column][\/et_pb_row][\/et_pb_section]\n","protected":false},"excerpt":{"rendered":"<p>Wir sehen unsere Dienstleistungen als Chance,&#8230; Ihrem Unternehmen neue Impulse zu geben, Sie noch erfolgreicher zu machen, Ihre Projekte z\u00fcgiger und zielorientierter durchzuf\u00fchren, Sie in schwierigen Situationen zu unterst\u00fctzen. Es ist uns eine Verpflichtung, dass&#8230; wir uns in Ihr Unternehmen mit entsprechender Sorgfalt einf\u00fcgen, wir mit Ihnen in \u201cIhrer Sprache\u201d sprechen, wir Ihnen eine andere [&hellip;]<\/p>\n","protected":false},"author":2,"featured_media":0,"parent":228,"menu_order":0,"comment_status":"closed","ping_status":"closed","template":"","meta":{"_et_pb_use_builder":"on","_et_pb_old_content":"","_et_gb_content_width":"","footnotes":""},"class_list":["post-352","page","type-page","status-publish","hentry"],"_links":{"self":[{"href":"https:\/\/facio.at\/index.php\/wp-json\/wp\/v2\/pages\/352","targetHints":{"allow":["GET"]}}],"collection":[{"href":"https:\/\/facio.at\/index.php\/wp-json\/wp\/v2\/pages"}],"about":[{"href":"https:\/\/facio.at\/index.php\/wp-json\/wp\/v2\/types\/page"}],"author":[{"embeddable":true,"href":"https:\/\/facio.at\/index.php\/wp-json\/wp\/v2\/users\/2"}],"replies":[{"embeddable":true,"href":"https:\/\/facio.at\/index.php\/wp-json\/wp\/v2\/comments?post=352"}],"version-history":[{"count":7,"href":"https:\/\/facio.at\/index.php\/wp-json\/wp\/v2\/pages\/352\/revisions"}],"predecessor-version":[{"id":699,"href":"https:\/\/facio.at\/index.php\/wp-json\/wp\/v2\/pages\/352\/revisions\/699"}],"up":[{"embeddable":true,"href":"https:\/\/facio.at\/index.php\/wp-json\/wp\/v2\/pages\/228"}],"wp:attachment":[{"href":"https:\/\/facio.at\/index.php\/wp-json\/wp\/v2\/media?parent=352"}],"curies":[{"name":"wp","href":"https:\/\/api.w.org\/{rel}","templated":true}]}}