{"id":16,"date":"2018-12-05T09:57:46","date_gmt":"2018-12-05T08:57:46","guid":{"rendered":"https:\/\/facio.at\/?page_id=16"},"modified":"2023-02-04T14:56:57","modified_gmt":"2023-02-04T13:56:57","slug":"impressum","status":"publish","type":"page","link":"https:\/\/facio.at\/index.php\/impressum\/","title":{"rendered":"Impressum"},"content":{"rendered":"\n[et_pb_section fb_built=&#8220;1&#8243; admin_label=&#8220;section&#8220; _builder_version=&#8220;4.16&#8243; global_colors_info=&#8220;{}&#8220;][et_pb_row admin_label=&#8220;row&#8220; _builder_version=&#8220;4.16&#8243; background_size=&#8220;initial&#8220; background_position=&#8220;top_left&#8220; background_repeat=&#8220;repeat&#8220; global_colors_info=&#8220;{}&#8220;][et_pb_column type=&#8220;4_4&#8243; _builder_version=&#8220;4.16&#8243; custom_padding=&#8220;|||&#8220; global_colors_info=&#8220;{}&#8220; custom_padding__hover=&#8220;|||&#8220;][et_pb_text admin_label=&#8220;Text&#8220; _builder_version=&#8220;4.16&#8243; header_font=&#8220;|600|||||||&#8220; header_text_color=&#8220;#990033&#8243; header_2_font=&#8220;||||||||&#8220; background_size=&#8220;initial&#8220; background_position=&#8220;top_left&#8220; background_repeat=&#8220;repeat&#8220; global_colors_info=&#8220;{}&#8220;]<h1><span class=\"m_-1090048109276274777MsoHyperlink\">Impressum<\/span><\/h1>[\/et_pb_text][\/et_pb_column][\/et_pb_row][et_pb_row _builder_version=&#8220;4.16&#8243; global_colors_info=&#8220;{}&#8220;][et_pb_column type=&#8220;4_4&#8243; _builder_version=&#8220;4.16&#8243; custom_padding=&#8220;|||&#8220; global_colors_info=&#8220;{}&#8220; custom_padding__hover=&#8220;|||&#8220;][et_pb_text _builder_version=&#8220;4.16&#8243; link_font=&#8220;||||||||&#8220; link_option_url=&#8220;https:\/\/facio.at\/wp-content\/uploads\/2019\/01\/FACIO-AGB-V19_01.pdf&#8220; link_option_url_new_window=&#8220;on&#8220; global_colors_info=&#8220;{}&#8220;]<p><span><strong>\u00a0Informationen und Offenlegung lt.\u00a0 ECG, UGB und Mediengesetz;<\/strong><\/span><\/p>\n<p><span><strong>Firmenname<\/strong><\/span><br \/>FACIO Unternehmensberatung e.U.<\/p>\n<p><span><strong>Firmensitz und Kontakt<\/strong><\/span><br \/>A-1220 Wien, Josef-Frank-Gasse 4 \/ Haus 32<br \/>Mobil: + 43 664 423 69 77<br \/>Festnetz: +43 1 953 83 47<br \/>e-mail: o f f i c e @ f a c i o .\u00a0 at<br \/>web: https:\/\/www.facio.at<\/p>\n<p><span><strong>Inhaber und Gesch\u00e4ftsf\u00fchrer:<\/strong><\/span><br \/>Ing. Christian Wachsch\u00fctz<\/p>\n<p><span><strong>Rechtsform<\/strong><\/span><br \/>Eingetragenes Einzelunternehmen<\/p>\n<p><span><strong>Firmenbuchnummer<\/strong><\/span><br \/>303025 a Handelsgericht Wien<\/p>\n<p><span><strong>UID-NR<\/strong><\/span><br \/>ATU 59095277<\/p>\n<p><span><strong>Gerichtsstand<\/strong><\/span><br \/>Wien<\/p>\n<p><span><strong>Unternehmensgegenstand<\/strong><\/span><br \/>Unternehmens- und EDV-Beratung<br \/>Werbeagentur<\/p>\n<p><span><strong>Kammerangeh\u00f6rigkeit<\/strong><\/span><br \/>Unternehmensberatung und Informationstechnologie<br \/>Werbung &amp; Marktkommunikation<\/p>\n<p><strong>Blattlinie<\/strong><br \/>Pr\u00e4sentation des Unternehmens und des Produktportfolios<\/p>\n<p><span><strong>Allgemeine Gesch\u00e4ftsbedingungen<\/strong><\/span><strong><br \/><\/strong><span><em><a href=\"https:\/\/facio.at\/wp-content\/uploads\/2023\/01\/FACIO-AGB-V23_01.pdf\">FACIO AGBs im PDF-Format<\/a><\/em><strong><a href=\"https:\/\/web.archive.org\/web\/20180903113637\/http:\/facio.at\/wordpress\/wp-content\/uploads\/2011\/01\/facio_agb-v8_03.pdf\"><\/a><\/strong><\/span><\/p>[\/et_pb_text][\/et_pb_column][\/et_pb_row][\/et_pb_section]\n","protected":false},"excerpt":{"rendered":"<p>Impressum\u00a0Informationen und Offenlegung lt.\u00a0 ECG, UGB und Mediengesetz; FirmennameFACIO Unternehmensberatung e.U. Firmensitz und KontaktA-1220 Wien, Josef-Frank-Gasse 4 \/ Haus 32Mobil: + 43 664 423 69 77Festnetz: +43 1 953 83 47e-mail: o f f i c e @ f a c i o .\u00a0 atweb: https:\/\/www.facio.at Inhaber und Gesch\u00e4ftsf\u00fchrer:Ing. Christian Wachsch\u00fctz RechtsformEingetragenes Einzelunternehmen Firmenbuchnummer303025 a [&hellip;]<\/p>\n","protected":false},"author":1,"featured_media":0,"parent":0,"menu_order":0,"comment_status":"closed","ping_status":"closed","template":"","meta":{"_et_pb_use_builder":"on","_et_pb_old_content":"<span class=\"m_-1090048109276274777MsoHyperlink\">Impressum<\/span>","_et_gb_content_width":"","footnotes":""},"class_list":["post-16","page","type-page","status-publish","hentry"],"_links":{"self":[{"href":"https:\/\/facio.at\/index.php\/wp-json\/wp\/v2\/pages\/16","targetHints":{"allow":["GET"]}}],"collection":[{"href":"https:\/\/facio.at\/index.php\/wp-json\/wp\/v2\/pages"}],"about":[{"href":"https:\/\/facio.at\/index.php\/wp-json\/wp\/v2\/types\/page"}],"author":[{"embeddable":true,"href":"https:\/\/facio.at\/index.php\/wp-json\/wp\/v2\/users\/1"}],"replies":[{"embeddable":true,"href":"https:\/\/facio.at\/index.php\/wp-json\/wp\/v2\/comments?post=16"}],"version-history":[{"count":29,"href":"https:\/\/facio.at\/index.php\/wp-json\/wp\/v2\/pages\/16\/revisions"}],"predecessor-version":[{"id":895,"href":"https:\/\/facio.at\/index.php\/wp-json\/wp\/v2\/pages\/16\/revisions\/895"}],"wp:attachment":[{"href":"https:\/\/facio.at\/index.php\/wp-json\/wp\/v2\/media?parent=16"}],"curies":[{"name":"wp","href":"https:\/\/api.w.org\/{rel}","templated":true}]}}

[et_pb_section fb_built=&#8220;1&#8243; admin_label=&#8220;section&#8220; _builder_version=&#8220;4.16&#8243; global_colors_info=&#8220;{}&#8220;][et_pb_row admin_label=&#8220;row&#8220; _builder_version=&#8220;4.16&#8243; background_size=&#8220;initial&#8220; background_position=&#8220;top_left&#8220; background_repeat=&#8220;repeat&#8220; global_colors_info=&#8220;{}&#8220;][et_pb_column type=&#8220;4_4&#8243; _builder_version=&#8220;4.16&#8243; custom_padding=&#8220;|||&#8220; global_colors_info=&#8220;{}&#8220; custom_padding__hover=&#8220;|||&#8220;][et_pb_text admin_label=&#8220;Text&#8220; _builder_version=&#8220;4.16&#8243; header_font=&#8220;|600|||||||&#8220; header_text_color=&#8220;#990033&#8243; header_2_font=&#8220;||||||||&#8220; background_size=&#8220;initial&#8220; background_position=&#8220;top_left&#8220; background_repeat=&#8220;repeat&#8220; global_colors_info=&#8220;{}&#8220;]<h1><span class="m_-1090048109276274777MsoHyperlink">Impressum</span></h1>[/et_pb_text][/et_pb_column][/et_pb_row][et_pb_row _builder_version=&#8220;4.16&#8243; global_colors_info=&#8220;{}&#8220;][et_pb_column type=&#8220;4_4&#8243; _builder_version=&#8220;4.16&#8243; custom_padding=&#8220;|||&#8220; global_colors_info=&#8220;{}&#8220; custom_padding__hover=&#8220;|||&#8220;][et_pb_text _builder_version=&#8220;4.16&#8243; link_font=&#8220;||||||||&#8220; link_option_url=&#8220;https://facio.at/wp-content/uploads/2019/01/FACIO-AGB-V19_01.pdf&#8220; link_option_url_new_window=&#8220;on&#8220; global_colors_info=&#8220;{}&#8220;]<p><span><strong> Informationen und Offenlegung lt.  ECG, UGB und Mediengesetz;</strong></span></p>
<p><span><strong>Firmenname</strong></span><br />FACIO Unternehmensberatung e.U.</p>
<p><span><strong>Firmensitz und Kontakt</strong></span><br />A-1220 Wien, Josef-Frank-Gasse 4 / Haus 32<br />Mobil: + 43 664 423 69 77<br />Festnetz: +43 1 953 83 47<br />e-mail: o f f i c e @ f a c i o .  at<br />web: https://www.facio.at</p>
<p><span><strong>Inhaber und Geschäftsführer:</strong></span><br />Ing. Christian Wachschütz</p>
<p><span><strong>Rechtsform</strong></span><br />Eingetragenes Einzelunternehmen</p>
<p><span><strong>Firmenbuchnummer</strong></span><br />303025 a Handelsgericht Wien</p>
<p><span><strong>UID-NR</strong></span><br />ATU 59095277</p>
<p><span><strong>Gerichtsstand</strong></span><br />Wien</p>
<p><span><strong>Unternehmensgegenstand</strong></span><br />Unternehmens- und EDV-Beratung<br />Werbeagentur</p>
<p><span><strong>Kammerangehörigkeit</strong></span><br />Unternehmensberatung und Informationstechnologie<br />Werbung &amp; Marktkommunikation</p>
<p><strong>Blattlinie</strong><br />Präsentation des Unternehmens und des Produktportfolios</p>
<p><span><strong>Allgemeine Geschäftsbedingungen</strong></span><strong><br /></strong><span><em><a href="https://facio.at/wp-content/uploads/2023/01/FACIO-AGB-V23_01.pdf">FACIO AGBs im PDF-Format</a></em><strong><a href="https://web.archive.org/web/20180903113637/http:/facio.at/wordpress/wp-content/uploads/2011/01/facio_agb-v8_03.pdf"></a></strong></span></p>[/et_pb_text][/et_pb_column][/et_pb_row][/et_pb_section]

<p>Impressum Informationen und Offenlegung lt.  ECG, UGB und Mediengesetz; FirmennameFACIO Unternehmensberatung e.U. Firmensitz und KontaktA-1220 Wien, Josef-Frank-Gasse 4 / Haus 32Mobil: + 43 664 423 69 77Festnetz: +43 1 953 83 47e-mail: o f f i c e @ f a c i o .  atweb: https://www.facio.at Inhaber und Geschäftsführer:Ing. Christian Wachschütz RechtsformEingetragenes Einzelunternehmen Firmenbuchnummer303025 a [&hellip;]</p>
